{"id":19,"date":"2015-07-09T15:40:16","date_gmt":"2015-07-09T15:40:16","guid":{"rendered":"http:\/\/ja.sfdiabete.org\/?page_id=19"},"modified":"2026-03-12T12:42:20","modified_gmt":"2026-03-12T12:42:20","slug":"inscriptions","status":"publish","type":"page","link":"http:\/\/ja.sfdiabete.org\/index.php\/inscriptions\/","title":{"rendered":"Inscriptions"},"content":{"rendered":"<p>[et_pb_section fb_built=\u00a0\u00bb1&Prime; custom_padding_last_edited=\u00a0\u00bbon|desktop\u00a0\u00bb admin_label=\u00a0\u00bbTITRE INSCRIPTIONS\u00a0\u00bb _builder_version=\u00a0\u00bb4.9.7&Prime; background_color=\u00a0\u00bb#E02B20&Prime; background_color_gradient_direction=\u00a0\u00bb233deg\u00a0\u00bb custom_padding=\u00a0\u00bb20px|0px|0|0px|false|false\u00a0\u00bb custom_padding_tablet=\u00a0\u00bb50px|0|50px|0&Prime; custom_padding_phone=\u00a0\u00bb\u00a0\u00bb hover_enabled=\u00a0\u00bb0&Prime; transparent_background=\u00a0\u00bboff\u00a0\u00bb sticky_enabled=\u00a0\u00bb0&Prime;][et_pb_row padding_mobile=\u00a0\u00bboff\u00a0\u00bb column_padding_mobile=\u00a0\u00bbon\u00a0\u00bb admin_label=\u00a0\u00bbLigne\u00a0\u00bb _builder_version=\u00a0\u00bb3.25&Prime; background_size=\u00a0\u00bbinitial\u00a0\u00bb background_position=\u00a0\u00bbtop_left\u00a0\u00bb background_repeat=\u00a0\u00bbrepeat\u00a0\u00bb][et_pb_column type=\u00a0\u00bb4_4&Prime; _builder_version=\u00a0\u00bb3.25&Prime; custom_padding=\u00a0\u00bb|||\u00a0\u00bb custom_padding__hover=\u00a0\u00bb|||\u00a0\u00bb][et_pb_text _builder_version=\u00a0\u00bb4.9.7&Prime; header_font=\u00a0\u00bb||||||||\u00a0\u00bb header_text_color=\u00a0\u00bb#ffffff\u00a0\u00bb header_font_size=\u00a0\u00bb27px\u00a0\u00bb header_2_font=\u00a0\u00bb||||||||\u00a0\u00bb header_2_text_align=\u00a0\u00bbcenter\u00a0\u00bb header_2_text_color=\u00a0\u00bb#ffffff\u00a0\u00bb header_2_font_size=\u00a0\u00bb33px\u00a0\u00bb header_font_size_tablet=\u00a0\u00bb\u00a0\u00bb header_font_size_phone=\u00a0\u00bb36px\u00a0\u00bb header_font_size_last_edited=\u00a0\u00bbon|tablet\u00a0\u00bb]<\/p>\n<h1 style=\"text-align: center;\">INSCRIPTIONS<\/h1>\n<h2><\/h2>\n<p>[\/et_pb_text][\/et_pb_column][\/et_pb_row][\/et_pb_section][et_pb_section fb_built=\u00a0\u00bb1&Prime; _builder_version=\u00a0\u00bb4.9.7&Prime; _module_preset=\u00a0\u00bbdefault\u00a0\u00bb][et_pb_row _builder_version=\u00a0\u00bb4.9.7&Prime; _module_preset=\u00a0\u00bbdefault\u00a0\u00bb][et_pb_column type=\u00a0\u00bb4_4&Prime; _builder_version=\u00a0\u00bb4.9.7&Prime; _module_preset=\u00a0\u00bbdefault\u00a0\u00bb][et_pb_text _builder_version=\u00a0\u00bb4.9.7&Prime; _module_preset=\u00a0\u00bbdefault\u00a0\u00bb header_text_color=\u00a0\u00bb#494949&Prime; header_4_text_color=\u00a0\u00bb#494949&Prime; text_orientation=\u00a0\u00bbcenter\u00a0\u00bb hover_enabled=\u00a0\u00bb0&Prime; sticky_enabled=\u00a0\u00bb0&Prime;]<\/p>\n<h4>Les inscriptions ouvriront en juin<\/h4>\n<p><strong>Journ\u00e9e ouverte aux :<\/strong><br \/>\u2022 Membres et non membres de la SFD param\u00e9dical<br \/>\u2022 Param\u00e9dicaux et m\u00e9dicaux<br \/>\u2022 Hospitaliers et lib\u00e9raux<br \/>\u2022 Etudiants param\u00e9dicaux<\/p>\n<p>[\/et_pb_text][et_pb_button button_text=\u00a0\u00bbInscrivez-vous ici\u00a0\u00bb button_alignment=\u00a0\u00bbcenter\u00a0\u00bb _builder_version=\u00a0\u00bb4.9.7&Prime; _module_preset=\u00a0\u00bbdefault\u00a0\u00bb custom_button=\u00a0\u00bbon\u00a0\u00bb button_text_size=\u00a0\u00bb17px\u00a0\u00bb button_text_color=\u00a0\u00bb#FFFFFF\u00a0\u00bb button_bg_color=\u00a0\u00bb#c72d32&Prime; button_icon=\u00a0\u00bb%%75%%\u00a0\u00bb hover_enabled=\u00a0\u00bb0&Prime; sticky_enabled=\u00a0\u00bb0&Prime;][\/et_pb_button][\/et_pb_column][\/et_pb_row][et_pb_row _builder_version=\u00a0\u00bb4.9.7&Prime; _module_preset=\u00a0\u00bbdefault\u00a0\u00bb][et_pb_column type=\u00a0\u00bb4_4&Prime; _builder_version=\u00a0\u00bb4.9.7&Prime; _module_preset=\u00a0\u00bbdefault\u00a0\u00bb][et_pb_pricing_tables _builder_version=\u00a0\u00bb4.9.7&Prime; _module_preset=\u00a0\u00bbdefault\u00a0\u00bb hover_enabled=\u00a0\u00bb0&Prime; sticky_enabled=\u00a0\u00bb0&Prime;][et_pb_pricing_table title=\u00a0\u00bbMEMBRES\u00a0\u00bb subtitle=\u00a0\u00bbTarif pr\u00e9f\u00e9rentiel avant 1\/8\/2026&Prime; currency=\u00a0\u00bb\u20ac\u00a0\u00bb sum=\u00a0\u00bb120&Prime; bullet_color=\u00a0\u00bb#dc0a28&Prime; header_background_color=\u00a0\u00bb#dc0a28&Prime; _builder_version=\u00a0\u00bb4.9.7&Prime; _module_preset=\u00a0\u00bbdefault\u00a0\u00bb price_text_color=\u00a0\u00bb#a0a0a0&Prime; header_font_size=\u00a0\u00bb18px\u00a0\u00bb subheader_font_size=\u00a0\u00bb12px\u00a0\u00bb price_font_size=\u00a0\u00bb48px\u00a0\u00bb hover_enabled=\u00a0\u00bb0&Prime; sticky_transition=\u00a0\u00bbon\u00a0\u00bb sticky_enabled=\u00a0\u00bb0&Prime;]<\/p>\n<p>Tarif Normal apr\u00e8s le 1\/08\/2026 : 150\u20ac<\/p>\n<p>[\/et_pb_pricing_table][et_pb_pricing_table title=\u00a0\u00bbNON MEMBRES\u00a0\u00bb subtitle=\u00a0\u00bbTarif pr\u00e9f\u00e9rentiel avant 1\/8\/2026&Prime; currency=\u00a0\u00bb\u20ac\u00a0\u00bb sum=\u00a0\u00bb180&Prime; bullet_color=\u00a0\u00bb#dc0a28&Prime; header_background_color=\u00a0\u00bb#dc0a28&Prime; _builder_version=\u00a0\u00bb4.9.7&Prime; _module_preset=\u00a0\u00bbdefault\u00a0\u00bb price_text_color=\u00a0\u00bb#a0a0a0&Prime; header_font_size=\u00a0\u00bb18px\u00a0\u00bb subheader_font_size=\u00a0\u00bb12px\u00a0\u00bb price_font_size=\u00a0\u00bb48px\u00a0\u00bb hover_enabled=\u00a0\u00bb0&Prime; sticky_transition=\u00a0\u00bbon\u00a0\u00bb sticky_enabled=\u00a0\u00bb0&Prime;]Tarif Normal apr\u00e8s le 1\/08\/2026 : 210\u20ac[\/et_pb_pricing_table][et_pb_pricing_table title=\u00a0\u00bbETUDIANTS\u00a0\u00bb subtitle=\u00a0\u00bbTarif pr\u00e9f\u00e9rentiel avant 1\/8\/2026&Prime; currency=\u00a0\u00bb\u20ac\u00a0\u00bb sum=\u00a0\u00bb30&Prime; bullet_color=\u00a0\u00bb#dc0a28&Prime; header_background_color=\u00a0\u00bb#dc0a28&Prime; _builder_version=\u00a0\u00bb4.9.7&Prime; _module_preset=\u00a0\u00bbdefault\u00a0\u00bb price_text_color=\u00a0\u00bb#a0a0a0&Prime; header_font_size=\u00a0\u00bb18px\u00a0\u00bb subheader_font_size=\u00a0\u00bb12px\u00a0\u00bb price_font_size=\u00a0\u00bb48px\u00a0\u00bb hover_enabled=\u00a0\u00bb0&Prime; sticky_transition=\u00a0\u00bbon\u00a0\u00bb sticky_enabled=\u00a0\u00bb0&Prime;]Tarif Normal apr\u00e8s le 1\/08\/2026 : 40\u20ac[\/et_pb_pricing_table][et_pb_pricing_table title=\u00a0\u00bbFormation continue\u00a0\u00bb subtitle=\u00a0\u00bbTarif pr\u00e9f\u00e9rentiel avant 1\/8\/2026&Prime; currency=\u00a0\u00bb\u20ac\u00a0\u00bb sum=\u00a0\u00bb320&Prime; button_text=\u00a0\u00bbGO\u00a0\u00bb bullet_color=\u00a0\u00bb#dc0a28&Prime; header_background_color=\u00a0\u00bb#dc0a28&Prime; _builder_version=\u00a0\u00bb4.9.7&Prime; _module_preset=\u00a0\u00bbdefault\u00a0\u00bb price_text_color=\u00a0\u00bb#a0a0a0&Prime; header_font_size=\u00a0\u00bb18px\u00a0\u00bb subheader_font_size=\u00a0\u00bb12px\u00a0\u00bb price_font_size=\u00a0\u00bb48px\u00a0\u00bb custom_button=\u00a0\u00bbon\u00a0\u00bb button_text_color=\u00a0\u00bb#E02B20&Prime; button_bg_color=\u00a0\u00bb#E02B20&Prime; hover_enabled=\u00a0\u00bb0&Prime; sticky_transition=\u00a0\u00bbon\u00a0\u00bb sticky_enabled=\u00a0\u00bb0&Prime;]<\/p>\n<p>Tarif Normal apr\u00e8s le 1\/08\/2026 : 320 \u20ac<\/p>\n<p>[\/et_pb_pricing_table][\/et_pb_pricing_tables][et_pb_text _builder_version=\u00a0\u00bb4.9.7&Prime; _module_preset=\u00a0\u00bbdefault\u00a0\u00bb hover_enabled=\u00a0\u00bb0&Prime; sticky_enabled=\u00a0\u00bb0&Prime;]<strong>Les frais d\u2019inscriptions comprennent :<\/strong><br \/>\n\u2022 Participation aux sessions pl\u00e9ni\u00e8res et ateliers<br \/>\n\u2022 Documentation p\u00e9dagogique<br \/>\n\u2022 Pause caf\u00e9 matin<br \/>\n\u2022 Cocktail d\u00e9jeunatoire<\/p>\n<p><strong>CONTACTS INSCRIPTIONS<\/strong> : Kank\u00e9-Elise KETOURE &#8211; <a href=\"mailto:sfdparamedical@key4events.com\">sfdparamedical@key4events.com<\/a><\/p>\n<p><strong>CONDITIONS D\u2019ANNULATION :<\/strong><br \/>\nToute modification ou annulation doit \u00eatre communiqu\u00e9e par \u00e9crit \u00e0 Key4Events par email : <a href=\"mailto:sfdparamedical@key4events.com\">sfdparamedical@key4events.com<\/a><br \/>\n\u2013 Jusqu\u2019au 15\/09\/2026 inclus : remboursement de 50 % des frais d\u2019inscription<br \/>\n\u2013 \u00c0 partir du 15\/09\/2026 : aucun remboursement ne sera effectu\u00e9<\/p>\n<p><strong>FORMATION PROFESSIONNELLE CONTINUE :<\/strong><br \/>\nD\u00e9claration d\u2019activit\u00e9 en tant que prestataire de formation enregistr\u00e9e sous le num\u00e9ro 11 75 44357 75 aupr\u00e8s de la Pr\u00e9fecture de r\u00e9gion d\u2019Ile-de-France. Cet enregistrement ne vaut pas agr\u00e9ment de l\u2019\u00e9tat.<br \/>\nLa Soci\u00e9t\u00e9 Francophone du Diab\u00e8te est r\u00e9f\u00e9renc\u00e9e et certifi\u00e9e :<\/p>\n<p><img loading=\"lazy\" decoding=\"async\" src=\"http:\/\/ja.sfdiabete.org\/wp-content\/uploads\/2023\/05\/image.jpeg\" width=\"170\" height=\"71\" alt=\"\" class=\"wp-image-2226 alignnone size-full\" \/> <strong><img loading=\"lazy\" decoding=\"async\" src=\"http:\/\/ja.sfdiabete.org\/wp-content\/uploads\/2023\/05\/image-1.jpeg\" width=\"173\" height=\"106\" alt=\"\" class=\"wp-image-2227 alignnone size-full\" \/><\/strong>[\/et_pb_text][\/et_pb_column][\/et_pb_row][\/et_pb_section]<\/p>\n","protected":false},"excerpt":{"rendered":"<p>[et_pb_section fb_built=\u00a0\u00bb1&Prime; custom_padding_last_edited=\u00a0\u00bbon|desktop\u00a0\u00bb admin_label=\u00a0\u00bbTITRE INSCRIPTIONS\u00a0\u00bb _builder_version=\u00a0\u00bb4.9.7&Prime; background_color=\u00a0\u00bb#E02B20&Prime; background_color_gradient_direction=\u00a0\u00bb233deg\u00a0\u00bb custom_padding=\u00a0\u00bb20px|0px|0|0px|false|false\u00a0\u00bb custom_padding_tablet=\u00a0\u00bb50px|0|50px|0&Prime; custom_padding_phone=\u00a0\u00bb\u00a0\u00bb hover_enabled=\u00a0\u00bb0&Prime; transparent_background=\u00a0\u00bboff\u00a0\u00bb sticky_enabled=\u00a0\u00bb0&Prime;][et_pb_row padding_mobile=\u00a0\u00bboff\u00a0\u00bb column_padding_mobile=\u00a0\u00bbon\u00a0\u00bb admin_label=\u00a0\u00bbLigne\u00a0\u00bb _builder_version=\u00a0\u00bb3.25&Prime; background_size=\u00a0\u00bbinitial\u00a0\u00bb background_position=\u00a0\u00bbtop_left\u00a0\u00bb background_repeat=\u00a0\u00bbrepeat\u00a0\u00bb][et_pb_column type=\u00a0\u00bb4_4&Prime; _builder_version=\u00a0\u00bb3.25&Prime; custom_padding=\u00a0\u00bb|||\u00a0\u00bb custom_padding__hover=\u00a0\u00bb|||\u00a0\u00bb][et_pb_text _builder_version=\u00a0\u00bb4.9.7&Prime; header_font=\u00a0\u00bb||||||||\u00a0\u00bb header_text_color=\u00a0\u00bb#ffffff\u00a0\u00bb header_font_size=\u00a0\u00bb27px\u00a0\u00bb header_2_font=\u00a0\u00bb||||||||\u00a0\u00bb header_2_text_align=\u00a0\u00bbcenter\u00a0\u00bb header_2_text_color=\u00a0\u00bb#ffffff\u00a0\u00bb header_2_font_size=\u00a0\u00bb33px\u00a0\u00bb header_font_size_tablet=\u00a0\u00bb\u00a0\u00bb header_font_size_phone=\u00a0\u00bb36px\u00a0\u00bb header_font_size_last_edited=\u00a0\u00bbon|tablet\u00a0\u00bb] INSCRIPTIONS [\/et_pb_text][\/et_pb_column][\/et_pb_row][\/et_pb_section][et_pb_section fb_built=\u00a0\u00bb1&Prime; _builder_version=\u00a0\u00bb4.9.7&Prime; _module_preset=\u00a0\u00bbdefault\u00a0\u00bb][et_pb_row _builder_version=\u00a0\u00bb4.9.7&Prime; _module_preset=\u00a0\u00bbdefault\u00a0\u00bb][et_pb_column type=\u00a0\u00bb4_4&Prime; _builder_version=\u00a0\u00bb4.9.7&Prime; _module_preset=\u00a0\u00bbdefault\u00a0\u00bb][et_pb_text _builder_version=\u00a0\u00bb4.9.7&Prime; _module_preset=\u00a0\u00bbdefault\u00a0\u00bb header_text_color=\u00a0\u00bb#494949&Prime; header_4_text_color=\u00a0\u00bb#494949&Prime; text_orientation=\u00a0\u00bbcenter\u00a0\u00bb hover_enabled=\u00a0\u00bb0&Prime; sticky_enabled=\u00a0\u00bb0&Prime;] Les inscriptions [&hellip;]<\/p>\n","protected":false},"author":1,"featured_media":0,"parent":0,"menu_order":0,"comment_status":"open","ping_status":"open","template":"","meta":{"_et_pb_use_builder":"on","_et_pb_old_content":"<span class=\"redtitre\">Journ\u00e9e ouverte aux :<\/span>\n\u2022 Membres et non membres de la SFD param\u00e9dical\n\u2022 Param\u00e9dicaux et m\u00e9dicaux\n\u2022 Hospitaliers et lib\u00e9raux\n\u2022 Etudiants param\u00e9dicaux\n\n<p style=\"text-align: center;\">(Tarifs apr\u00e8s le 2\/10\/2016)\n<em>Les inscriptions en ligne fermeront le mercredi 23 novembre \u00e0 12h00, mais vous pouvez vous inscrire \u00e0 l'accueil du congr\u00e8s \u00e0 Toulouse \u00e0 partir de 8h00 le vendredi 25 novembre<\/em>\n[xs_pricing table_group=\"SFD\"]\n\n<strong>Les frais d\u2019inscriptions comprennent :<\/strong>\n\u2022 Participation aux sessions\n\u2022 Documentation\n\u2022 Pauses caf\u00e9\n\u2022 Cocktail d\u00e9jeunatoire\n\n<span class=\"redpetit\">CONDITIONS D'ANNULATION : <\/span>\nInscriptions :Toute modification\/annulation doit \u00eatre communiqu\u00e9e par \u00e9crit \u00e0 Eventime, par email \u00e0 <a href=\"mailto:valerie.elma@eventime-group.comoup.com\">valerie.elma@eventime-group.com<\/a> ou par fax : +33 (0)4 67 61 66 84 - Annulation jusqu\u2019au 20 Septembre 2016, remboursement de 50% - Apr\u00e8s le 20 Septembre 2016, aucun remboursement.\n\n<span class=\"redpetit\">FORMATION PROFESSIONNELLE CONTINUE :<\/span>\nD\u00e9claration d\u2019activit\u00e9 en tant que prestataire de formation enregistr\u00e9e sous le num\u00e9ro 11 75 44357 75 aupr\u00e8s du Pr\u00e9fet de r\u00e9gion d\u2019Ile-de-France N\u00b0 SIRET 404995110000024 \u2013 Pr\u00e9fecture de Paris.\nCet enregistrement ne vaut pas agr\u00e9ment de l\u2019\u00e9tat.\n\n<strong>Nous vous invitons \u00e0 prendre contact directement avec :<\/strong>\nEVENTIME\nVal\u00e9rie Elma\nEsplanade Charles de Gaulle\n34000 Montpellier\nvalerie.elma@eventime-group.com\nTel : +33 (0) 4 67 61 66 65","_et_gb_content_width":"","footnotes":""},"class_list":["post-19","page","type-page","status-publish","hentry"],"_links":{"self":[{"href":"http:\/\/ja.sfdiabete.org\/index.php\/wp-json\/wp\/v2\/pages\/19","targetHints":{"allow":["GET"]}}],"collection":[{"href":"http:\/\/ja.sfdiabete.org\/index.php\/wp-json\/wp\/v2\/pages"}],"about":[{"href":"http:\/\/ja.sfdiabete.org\/index.php\/wp-json\/wp\/v2\/types\/page"}],"author":[{"embeddable":true,"href":"http:\/\/ja.sfdiabete.org\/index.php\/wp-json\/wp\/v2\/users\/1"}],"replies":[{"embeddable":true,"href":"http:\/\/ja.sfdiabete.org\/index.php\/wp-json\/wp\/v2\/comments?post=19"}],"version-history":[{"count":138,"href":"http:\/\/ja.sfdiabete.org\/index.php\/wp-json\/wp\/v2\/pages\/19\/revisions"}],"predecessor-version":[{"id":2679,"href":"http:\/\/ja.sfdiabete.org\/index.php\/wp-json\/wp\/v2\/pages\/19\/revisions\/2679"}],"wp:attachment":[{"href":"http:\/\/ja.sfdiabete.org\/index.php\/wp-json\/wp\/v2\/media?parent=19"}],"curies":[{"name":"wp","href":"https:\/\/api.w.org\/{rel}","templated":true}]}}