{"id":1091,"date":"2018-12-10T17:33:19","date_gmt":"2018-12-10T17:33:19","guid":{"rendered":"http:\/\/ja.sfdiabete.org\/?page_id=1091"},"modified":"2020-02-20T14:52:18","modified_gmt":"2020-02-20T14:52:18","slug":"ja-2018-archives","status":"publish","type":"page","link":"http:\/\/ja.sfdiabete.org\/index.php\/ja-2018-archives\/","title":{"rendered":"JA &#8211; 2018 ARCHIVES"},"content":{"rendered":"<p>[et_pb_section fb_built=\u00a0\u00bb1&Prime; admin_label=\u00a0\u00bbsection\u00a0\u00bb _builder_version=\u00a0\u00bb3.0.47&Prime;][et_pb_row admin_label=\u00a0\u00bbrow\u00a0\u00bb _builder_version=\u00a0\u00bb3.0.48&Prime; background_size=\u00a0\u00bbinitial\u00a0\u00bb background_position=\u00a0\u00bbtop_left\u00a0\u00bb background_repeat=\u00a0\u00bbrepeat\u00a0\u00bb][et_pb_column type=\u00a0\u00bb4_4&Prime; _builder_version=\u00a0\u00bb3.0.47&Prime;][et_pb_text admin_label=\u00a0\u00bbTexte\u00a0\u00bb _builder_version=\u00a0\u00bb3.0.87&Prime; background_size=\u00a0\u00bbinitial\u00a0\u00bb background_position=\u00a0\u00bbtop_left\u00a0\u00bb background_repeat=\u00a0\u00bbrepeat\u00a0\u00bb use_border_color=\u00a0\u00bboff\u00a0\u00bb border_color=\u00a0\u00bb#ffffff\u00a0\u00bb border_style=\u00a0\u00bbsolid\u00a0\u00bb]<\/p>\n<h2>EDITION 2018<\/h2>\n<p><img loading=\"lazy\" decoding=\"async\" class=\"aligncenter wp-image-874 size-full\" src=\"http:\/\/ja.sfdiabete.org\/wp-content\/uploads\/2015\/10\/Bandeau2018-.png\" alt=\"\" width=\"1920\" height=\"1168\" srcset=\"http:\/\/ja.sfdiabete.org\/wp-content\/uploads\/2015\/10\/Bandeau2018-.png 1920w, http:\/\/ja.sfdiabete.org\/wp-content\/uploads\/2015\/10\/Bandeau2018--300x183.png 300w, http:\/\/ja.sfdiabete.org\/wp-content\/uploads\/2015\/10\/Bandeau2018--1024x623.png 1024w, http:\/\/ja.sfdiabete.org\/wp-content\/uploads\/2015\/10\/Bandeau2018--1080x657.png 1080w\" sizes=\"auto, (max-width: 1920px) 100vw, 1920px\" \/><\/p>\n<h1>DIAB\u00c8TE DES SENIORS AU QUOTIDIEN<\/h1>\n<p><strong>Palais des Congr\u00e8s de Saint Rapha\u00ebl, 16 Novembre 2018<\/strong><\/p>\n<hr>\n<h2>Edito 2018<\/h2>\n<p>Cette ann\u00e9e, \u00e0 l\u2019occasion de la Journ\u00e9e d\u2019Automne, la SFD Param\u00e9dical mettra \u00e0 l\u2019honneur le diab\u00e8te chez les seniors.<\/p>\n<p>Population particuli\u00e8rement pr\u00e9sente dans le sud de la France, les personnes de plus de 60 ans am\u00e8nent soignants et aidants \u00e0 s\u2019impliquer dans une r\u00e9flexion sur l\u2019adaptation de leur prise en charge, tant \u00e0 domicile, qu\u2019en hospitalisation ou encore en institution.<\/p>\n<p>L\u2019avanc\u00e9e en \u00e2ge va en effet de pair avec la gravit\u00e9 des cons\u00e9quences susceptibles d\u2019intervenir chez le patient diab\u00e9tique et le vieillissement de la population fran\u00e7aise \u2013 avec plus d\u2019une personne sur 3 d\u00e9passant les 60 ans \u00e0 l\u2019horizon 2060 \u2013 rend d\u2019autant plus pr\u00e9gnante la question du diab\u00e8te chez les seniors.<\/p>\n<p>La pr\u00e9vention des syndromes g\u00e9riatriques conna\u00eet alors une r\u00e9percussion dans le traitement du diab\u00e8te chez le patient \u00e2g\u00e9 avec une volont\u00e9 de prendre en consid\u00e9ration son \u00e9tat de sant\u00e9 global.<\/p>\n<p>Les objectifs glyc\u00e9miques devront \u00eatre adapt\u00e9s afin, par exemple, d\u2019\u00e9viter un trop grand d\u00e9s\u00e9quilibre glyc\u00e9mique vecteur de chutes et de fractures, fr\u00e9quentes avec l\u2019avanc\u00e9e en \u00e2ge du patient et possiblement \u00e0 m\u00eame d\u2019augmenter le risque de mortalit\u00e9.<\/p>\n<p>Il est \u00e9galement plus complexe de diagnostiquer les signes annonciateurs d\u2019une pathologie diab\u00e9tique lorsqu\u2019ils semblent de prime abord en lien avec les syndromes g\u00e9riatriques, surtout lors d\u2019une prise en charge \u00e0 domicile.<\/p>\n<p>Si la d\u00e9tection d\u2019un diab\u00e8te demeure facilit\u00e9e lors d\u2019un s\u00e9jour hospitalier, la probl\u00e9matique du suivi et l\u2019absence de r\u00e9\u00e9valuation pourraient alors engendrer des cons\u00e9quences n\u00e9fastes.<\/p>\n<p>Cette r\u00e9\u00e9valuation est d\u2019ailleurs un imp\u00e9ratif crucial avec la diversit\u00e9 des m\u00e9dicaments prescrits en faveur du patient \u00e2g\u00e9 et il incombe au praticien de constamment s\u2019interroger sur l\u2019utilit\u00e9 du traitement th\u00e9rapeutique en cours.<\/p>\n<p>L\u2019autre aspect d\u2019une prise en charge du diab\u00e8te sp\u00e9cifiquement adapt\u00e9e \u00e0 la personne \u00e2g\u00e9e concerne la nutrition, o\u00f9 le risque de perte de masse musculaire est d\u2019autant plus pr\u00e9sent qu\u2019il trouve souvent une corr\u00e9lation avec des troubles sensoriels, dentaires, de d\u00e9glutition, associ\u00e9s \u00e0 des difficult\u00e9s \u00e0 pr\u00e9parer et consommer les repas.<\/p>\n<p>L\u2019introduction d\u2019une activit\u00e9 physique et la mise en place de strat\u00e9gie destin\u00e9es \u00e0 am\u00e9liorer la nutrition du patient permettraient alors de rem\u00e9dier \u00e0 la sarcop\u00e9nie.<\/p>\n<p>Le chaussage ne doit pas \u00eatre oubli\u00e9 lorsqu\u2019il s\u2019agit de s\u2019int\u00e9resser \u00e0 la prise en charge du diab\u00e8te chez les seniors.<\/p>\n<p>Il s\u2019agit d\u2019une part de palier les fragilit\u00e9s li\u00e9es \u00e0 l\u2019\u00e9quilibre, de solutionner d\u2019autre part les probl\u00e9matiques inh\u00e9rentes au pied diab\u00e9tique et de permettre plus g\u00e9n\u00e9ralement une am\u00e9lioration des conditions de vie de la personne \u00e2g\u00e9e en \u00e9vitant douleurs et perte d\u2019autonomie.<\/p>\n<p>En conclusion, parler des seniors revient \u00e0 parler d\u2019un ph\u00e9nom\u00e8ne de soci\u00e9t\u00e9 qui implique aussi bien l\u2019ensemble du personnel soignant, les aidants ainsi que les familles concern\u00e9es.<\/p>\n<p>L\u2019am\u00e9lioration de la prise en charge concerne une part toujours plus importante de notre soci\u00e9t\u00e9 mais surtout, elle est susceptible de tous nous concerner \u00e0 plus ou moins long terme.<\/p>\n<p>Ivano MANTOVANI<\/p>\n<p>Pr\u00e9sident SFD Param\u00e9dical<\/p>\n<hr>\n<h2>Comit\u00e9s 2018<\/h2>\n<p><span class=\"redtitre\">Comit\u00e9 d\u2019Organisation : <\/span><br \/>\n<strong>Pr\u00e9sident : Ivano Mantovani<\/strong><br \/>\nDominique Daubert<br \/>\nMa\u00eft\u00e9 Cressot-Guiraud<br \/>\nNathalie Masseboeuf<br \/>\nMartine Samper<br \/>\nAnnie Vannier<\/p>\n<p><span class=\"redtitre\">Conseil scientifique <\/span><br \/>\n<strong>Pr\u00e9sidente : Justine Gr\u00e9goire <\/strong><br \/>\nFran\u00e7oise Arbones<br \/>\nKarine Barre<br \/>\nFanny Chanat<br \/>\nMartine Gleyzes<br \/>\nChantal Godefroid<br \/>\nLiliane Simon<\/p>\n<hr>\n<h2>Programme 2018<\/h2>\n<h2>Programme du 16 novembre 2018<\/h2>\n<hr>\n<h4>MATIN\u00c9E &#8211; 08H45 &#8211; 12H30<\/h4>\n<p><em>Mod\u00e9rateurs : Nathalie MASSEBOEUF, Dr Fr\u00e9d\u00e9ric DIEBOLD <\/em><\/p>\n<hr>\n<p><strong>08h45- Ouverture&nbsp;<\/strong><br \/>\n<em>Monsieur le Maire de Saint-Rapha\u00ebl Fr\u00e9d\u00e9ric MASQUELIER<\/em><br \/>\n<em>Monsieur le Directeur du CHI Fr\u00e9jus-Saint-Rapha\u00ebl Fr\u00e9d\u00e9ric LIMOUZY<\/em><\/p>\n<p><strong>9h00 \u2013 <\/strong>Les particularit\u00e9s de la prise en charge des patients diab\u00e9tiques \u00e2g\u00e9s &#8211; <em>Pr Bernard BAUDUCEAU <\/em><\/p>\n<p><strong>9h30 \u2013<\/strong> Jusqu&rsquo;o\u00f9 et comment traiter les patients diab\u00e9tiques \u00e2g\u00e9s \u00e0 la lumi\u00e8re des r\u00e9sultats de l&rsquo;\u00e9tude G\u00e9rodiab? &#8211; <em>Pr Jean DOUCET <\/em><\/p>\n<p><strong>10h00 \u2013<\/strong> Prix \u00ab Initiativ&rsquo;diab\u00e8te \u00bb<br \/>\nLifescan :&nbsp;Equipe mobile lien ville-h\u00f4pital, pour une prise en soins multiculturelle de la pathologie, au plus proche<br \/>\ndes patients &#8211; <i>S\u00e9bastian LEVY<\/i><br \/>\nCoup de c\u0153ur SFD Param\u00e9dical :<br \/>\nInt\u00e9gration de l\u2019activit\u00e9 physique dans la prise en charge du diab\u00e8te gestationnel &#8211; <i>Alexia RICHELET<\/i><\/p>\n<h5>10h15 &#8211; Pause<\/h5>\n<p><em>Mod\u00e9rateurs : Dominique DAUBERT, Pr Bernard BAUDUCEAU<\/em><br \/>\n<strong>10h45 \u2013<\/strong> La fragilit\u00e9 : \u00e0 quel moment s\u2019alerter ? &#8211; <em>Dr Sandrine&nbsp;<\/em><em>LAMBERT<\/em><em>, Huidaide HMAD<\/em><\/p>\n<p><strong>11h30 \u2013<\/strong> La prise en charge nutritionnelle de la personne \u00e2g\u00e9e diab\u00e9tique &#8211; <em>Isabelle DUPONT<\/em><\/p>\n<p><strong>12h15 &#8211;<\/strong> Vie de l\u2019association &#8211; <em>Ivano MANTOVANI <\/em><\/p>\n<h5>12h30 \u2013 D\u00e9jeuner sur place<\/h5>\n<hr>\n<h4>APR\u00c8S-MIDI : 13H45 &#8211; 16H15<\/h4>\n<p><em>Mod\u00e9rateurs : Chantal GODEFROID, Elise HAMON <\/em><\/p>\n<hr>\n<p><strong>13h45 \u2013 <\/strong>Activit\u00e9 physique et sant\u00e9 chez la personne \u00e2g\u00e9e : recommandations et mise en pratique &#8211; <em>Charlotte JONCHERES <\/em><\/p>\n<p><strong>14h15 \u2013<\/strong> Vivre \u00e0 domicile, r\u00f4le des aidants et partenaires de soins &#8211; <em>Maria PERES <\/em><\/p>\n<p><strong>14h45 \u2013<\/strong> La vie en ehpad : quelle place pour le diab\u00e8te ? &#8211; <em>Patrick HARENDARCZYK <\/em><\/p>\n<p><strong>15h15 &#8211;<\/strong> Parcours de sant\u00e9 des ain\u00e9s : des acteurs coordonn\u00e9s pour une autonomie pr\u00e9serv\u00e9e. &#8211; <em>Dr Fran\u00e7oise KAIDOMAR <\/em><\/p>\n<p><strong>15h45 &#8211;<\/strong> Le soin du pied : une question d\u2019\u00e9quilibre &#8211; <em>Nathalie EVEN<\/em><\/p>\n<hr>\n<h5>16h15 : Cl\u00f4ture Journ\u00e9e d\u2019Automne 2018<\/h5>\n<p>[\/et_pb_text][et_pb_gallery gallery_ids=\u00a0\u00bb730,954,721,984,1014,722,723,1010,1006,725,998,990,1034,957,763,945,744,1061,1053&Prime; posts_number=\u00a0\u00bb20&Prime; show_title_and_caption=\u00a0\u00bboff\u00a0\u00bb show_pagination=\u00a0\u00bboff\u00a0\u00bb admin_label=\u00a0\u00bbGalerie\u00a0\u00bb _builder_version=\u00a0\u00bb3.19.18&Prime; use_border_color=\u00a0\u00bboff\u00a0\u00bb border_color=\u00a0\u00bb#ffffff\u00a0\u00bb border_style=\u00a0\u00bbsolid\u00a0\u00bb]&nbsp;<br \/>\n[\/et_pb_gallery][\/et_pb_column][\/et_pb_row][\/et_pb_section]<\/p>\n","protected":false},"excerpt":{"rendered":"<p>[et_pb_section fb_built=\u00a0\u00bb1&Prime; admin_label=\u00a0\u00bbsection\u00a0\u00bb _builder_version=\u00a0\u00bb3.0.47&Prime;][et_pb_row admin_label=\u00a0\u00bbrow\u00a0\u00bb _builder_version=\u00a0\u00bb3.0.48&Prime; background_size=\u00a0\u00bbinitial\u00a0\u00bb background_position=\u00a0\u00bbtop_left\u00a0\u00bb background_repeat=\u00a0\u00bbrepeat\u00a0\u00bb][et_pb_column type=\u00a0\u00bb4_4&Prime; _builder_version=\u00a0\u00bb3.0.47&Prime;][et_pb_text admin_label=\u00a0\u00bbTexte\u00a0\u00bb _builder_version=\u00a0\u00bb3.0.87&Prime; background_size=\u00a0\u00bbinitial\u00a0\u00bb background_position=\u00a0\u00bbtop_left\u00a0\u00bb background_repeat=\u00a0\u00bbrepeat\u00a0\u00bb use_border_color=\u00a0\u00bboff\u00a0\u00bb border_color=\u00a0\u00bb#ffffff\u00a0\u00bb border_style=\u00a0\u00bbsolid\u00a0\u00bb] EDITION 2018 DIAB\u00c8TE DES SENIORS AU QUOTIDIEN Palais des Congr\u00e8s de Saint Rapha\u00ebl, 16 Novembre 2018 Edito 2018 Cette ann\u00e9e, \u00e0 l\u2019occasion de la Journ\u00e9e d\u2019Automne, la SFD Param\u00e9dical mettra \u00e0 l\u2019honneur le diab\u00e8te chez les [&hellip;]<\/p>\n","protected":false},"author":2,"featured_media":0,"parent":0,"menu_order":0,"comment_status":"closed","ping_status":"closed","template":"","meta":{"_et_pb_use_builder":"on","_et_pb_old_content":"","_et_gb_content_width":"","footnotes":""},"class_list":["post-1091","page","type-page","status-publish","hentry"],"_links":{"self":[{"href":"http:\/\/ja.sfdiabete.org\/index.php\/wp-json\/wp\/v2\/pages\/1091","targetHints":{"allow":["GET"]}}],"collection":[{"href":"http:\/\/ja.sfdiabete.org\/index.php\/wp-json\/wp\/v2\/pages"}],"about":[{"href":"http:\/\/ja.sfdiabete.org\/index.php\/wp-json\/wp\/v2\/types\/page"}],"author":[{"embeddable":true,"href":"http:\/\/ja.sfdiabete.org\/index.php\/wp-json\/wp\/v2\/users\/2"}],"replies":[{"embeddable":true,"href":"http:\/\/ja.sfdiabete.org\/index.php\/wp-json\/wp\/v2\/comments?post=1091"}],"version-history":[{"count":3,"href":"http:\/\/ja.sfdiabete.org\/index.php\/wp-json\/wp\/v2\/pages\/1091\/revisions"}],"predecessor-version":[{"id":1301,"href":"http:\/\/ja.sfdiabete.org\/index.php\/wp-json\/wp\/v2\/pages\/1091\/revisions\/1301"}],"wp:attachment":[{"href":"http:\/\/ja.sfdiabete.org\/index.php\/wp-json\/wp\/v2\/media?parent=1091"}],"curies":[{"name":"wp","href":"https:\/\/api.w.org\/{rel}","templated":true}]}}

<p>[et_pb_section fb_built= »1&Prime; admin_label= »section » _builder_version= »3.0.47&Prime;][et_pb_row admin_label= »row » _builder_version= »3.0.48&Prime; background_size= »initial » background_position= »top_left » background_repeat= »repeat »][et_pb_column type= »4_4&Prime; _builder_version= »3.0.47&Prime;][et_pb_text admin_label= »Texte » _builder_version= »3.0.87&Prime; background_size= »initial » background_position= »top_left » background_repeat= »repeat » use_border_color= »off » border_color= »#ffffff » border_style= »solid »]</p>
<h2>EDITION 2018</h2>
<p><img loading="lazy" decoding="async" class="aligncenter wp-image-874 size-full" src="http://ja.sfdiabete.org/wp-content/uploads/2015/10/Bandeau2018-.png" alt="" width="1920" height="1168" srcset="http://ja.sfdiabete.org/wp-content/uploads/2015/10/Bandeau2018-.png 1920w, http://ja.sfdiabete.org/wp-content/uploads/2015/10/Bandeau2018--300x183.png 300w, http://ja.sfdiabete.org/wp-content/uploads/2015/10/Bandeau2018--1024x623.png 1024w, http://ja.sfdiabete.org/wp-content/uploads/2015/10/Bandeau2018--1080x657.png 1080w" sizes="auto, (max-width: 1920px) 100vw, 1920px" /></p>
<h1>DIABÈTE DES SENIORS AU QUOTIDIEN</h1>
<p><strong>Palais des Congrès de Saint Raphaël, 16 Novembre 2018</strong></p>
<hr>
<h2>Edito 2018</h2>
<p>Cette année, à l’occasion de la Journée d’Automne, la SFD Paramédical mettra à l’honneur le diabète chez les seniors.</p>
<p>Population particulièrement présente dans le sud de la France, les personnes de plus de 60 ans amènent soignants et aidants à s’impliquer dans une réflexion sur l’adaptation de leur prise en charge, tant à domicile, qu’en hospitalisation ou encore en institution.</p>
<p>L’avancée en âge va en effet de pair avec la gravité des conséquences susceptibles d’intervenir chez le patient diabétique et le vieillissement de la population française – avec plus d’une personne sur 3 dépassant les 60 ans à l’horizon 2060 – rend d’autant plus prégnante la question du diabète chez les seniors.</p>
<p>La prévention des syndromes gériatriques connaît alors une répercussion dans le traitement du diabète chez le patient âgé avec une volonté de prendre en considération son état de santé global.</p>
<p>Les objectifs glycémiques devront être adaptés afin, par exemple, d’éviter un trop grand déséquilibre glycémique vecteur de chutes et de fractures, fréquentes avec l’avancée en âge du patient et possiblement à même d’augmenter le risque de mortalité.</p>
<p>Il est également plus complexe de diagnostiquer les signes annonciateurs d’une pathologie diabétique lorsqu’ils semblent de prime abord en lien avec les syndromes gériatriques, surtout lors d’une prise en charge à domicile.</p>
<p>Si la détection d’un diabète demeure facilitée lors d’un séjour hospitalier, la problématique du suivi et l’absence de réévaluation pourraient alors engendrer des conséquences néfastes.</p>
<p>Cette réévaluation est d’ailleurs un impératif crucial avec la diversité des médicaments prescrits en faveur du patient âgé et il incombe au praticien de constamment s’interroger sur l’utilité du traitement thérapeutique en cours.</p>
<p>L’autre aspect d’une prise en charge du diabète spécifiquement adaptée à la personne âgée concerne la nutrition, où le risque de perte de masse musculaire est d’autant plus présent qu’il trouve souvent une corrélation avec des troubles sensoriels, dentaires, de déglutition, associés à des difficultés à préparer et consommer les repas.</p>
<p>L’introduction d’une activité physique et la mise en place de stratégie destinées à améliorer la nutrition du patient permettraient alors de remédier à la sarcopénie.</p>
<p>Le chaussage ne doit pas être oublié lorsqu’il s’agit de s’intéresser à la prise en charge du diabète chez les seniors.</p>
<p>Il s’agit d’une part de palier les fragilités liées à l’équilibre, de solutionner d’autre part les problématiques inhérentes au pied diabétique et de permettre plus généralement une amélioration des conditions de vie de la personne âgée en évitant douleurs et perte d’autonomie.</p>
<p>En conclusion, parler des seniors revient à parler d’un phénomène de société qui implique aussi bien l’ensemble du personnel soignant, les aidants ainsi que les familles concernées.</p>
<p>L’amélioration de la prise en charge concerne une part toujours plus importante de notre société mais surtout, elle est susceptible de tous nous concerner à plus ou moins long terme.</p>
<p>Ivano MANTOVANI</p>
<p>Président SFD Paramédical</p>
<hr>
<h2>Comités 2018</h2>
<p><span class="redtitre">Comité d’Organisation : </span><br />
<strong>Président : Ivano Mantovani</strong><br />
Dominique Daubert<br />
Maïté Cressot-Guiraud<br />
Nathalie Masseboeuf<br />
Martine Samper<br />
Annie Vannier</p>
<p><span class="redtitre">Conseil scientifique </span><br />
<strong>Présidente : Justine Grégoire </strong><br />
Françoise Arbones<br />
Karine Barre<br />
Fanny Chanat<br />
Martine Gleyzes<br />
Chantal Godefroid<br />
Liliane Simon</p>
<hr>
<h2>Programme 2018</h2>
<h2>Programme du 16 novembre 2018</h2>
<hr>
<h4>MATINÉE &#8211; 08H45 &#8211; 12H30</h4>
<p><em>Modérateurs : Nathalie MASSEBOEUF, Dr Frédéric DIEBOLD </em></p>
<hr>
<p><strong>08h45- Ouverture&nbsp;</strong><br />
<em>Monsieur le Maire de Saint-Raphaël Frédéric MASQUELIER</em><br />
<em>Monsieur le Directeur du CHI Fréjus-Saint-Raphaël Frédéric LIMOUZY</em></p>
<p><strong>9h00 – </strong>Les particularités de la prise en charge des patients diabétiques âgés &#8211; <em>Pr Bernard BAUDUCEAU </em></p>
<p><strong>9h30 –</strong> Jusqu&rsquo;où et comment traiter les patients diabétiques âgés à la lumière des résultats de l&rsquo;étude Gérodiab? &#8211; <em>Pr Jean DOUCET </em></p>
<p><strong>10h00 –</strong> Prix « Initiativ&rsquo;diabète »<br />
Lifescan :&nbsp;Equipe mobile lien ville-hôpital, pour une prise en soins multiculturelle de la pathologie, au plus proche<br />
des patients &#8211; <i>Sébastian LEVY</i><br />
Coup de cœur SFD Paramédical :<br />
Intégration de l’activité physique dans la prise en charge du diabète gestationnel &#8211; <i>Alexia RICHELET</i></p>
<h5>10h15 &#8211; Pause</h5>
<p><em>Modérateurs : Dominique DAUBERT, Pr Bernard BAUDUCEAU</em><br />
<strong>10h45 –</strong> La fragilité : à quel moment s’alerter ? &#8211; <em>Dr Sandrine&nbsp;</em><em>LAMBERT</em><em>, Huidaide HMAD</em></p>
<p><strong>11h30 –</strong> La prise en charge nutritionnelle de la personne âgée diabétique &#8211; <em>Isabelle DUPONT</em></p>
<p><strong>12h15 &#8211;</strong> Vie de l’association &#8211; <em>Ivano MANTOVANI </em></p>
<h5>12h30 – Déjeuner sur place</h5>
<hr>
<h4>APRÈS-MIDI : 13H45 &#8211; 16H15</h4>
<p><em>Modérateurs : Chantal GODEFROID, Elise HAMON </em></p>
<hr>
<p><strong>13h45 – </strong>Activité physique et santé chez la personne âgée : recommandations et mise en pratique &#8211; <em>Charlotte JONCHERES </em></p>
<p><strong>14h15 –</strong> Vivre à domicile, rôle des aidants et partenaires de soins &#8211; <em>Maria PERES </em></p>
<p><strong>14h45 –</strong> La vie en ehpad : quelle place pour le diabète ? &#8211; <em>Patrick HARENDARCZYK </em></p>
<p><strong>15h15 &#8211;</strong> Parcours de santé des ainés : des acteurs coordonnés pour une autonomie préservée. &#8211; <em>Dr Françoise KAIDOMAR </em></p>
<p><strong>15h45 &#8211;</strong> Le soin du pied : une question d’équilibre &#8211; <em>Nathalie EVEN</em></p>
<hr>
<h5>16h15 : Clôture Journée d’Automne 2018</h5>
<p>[/et_pb_text][et_pb_gallery gallery_ids= »730,954,721,984,1014,722,723,1010,1006,725,998,990,1034,957,763,945,744,1061,1053&Prime; posts_number= »20&Prime; show_title_and_caption= »off » show_pagination= »off » admin_label= »Galerie » _builder_version= »3.19.18&Prime; use_border_color= »off » border_color= »#ffffff » border_style= »solid »]&nbsp;<br />
[/et_pb_gallery][/et_pb_column][/et_pb_row][/et_pb_section]</p>

<p>[et_pb_section fb_built= »1&Prime; admin_label= »section » _builder_version= »3.0.47&Prime;][et_pb_row admin_label= »row » _builder_version= »3.0.48&Prime; background_size= »initial » background_position= »top_left » background_repeat= »repeat »][et_pb_column type= »4_4&Prime; _builder_version= »3.0.47&Prime;][et_pb_text admin_label= »Texte » _builder_version= »3.0.87&Prime; background_size= »initial » background_position= »top_left » background_repeat= »repeat » use_border_color= »off » border_color= »#ffffff » border_style= »solid »] EDITION 2018 DIABÈTE DES SENIORS AU QUOTIDIEN Palais des Congrès de Saint Raphaël, 16 Novembre 2018 Edito 2018 Cette année, à l’occasion de la Journée d’Automne, la SFD Paramédical mettra à l’honneur le diabète chez les [&hellip;]</p>
